 is (7 - 6 - -20) + (-17 - -15)?
19
What is 3 + -12 + 1 - (83 + -81)?
-10
Evaluate 10 - (14 + -24 - -23).
-3
-7 + -2 + 7 + (3 - 8)
-7
What is the value of 0 - 1 - 1 - ((5 - -34) + -10)?
-31
Evaluate 2 - 5 - -2 - -3 - -3.
5
What is (72 - 43 - 32) + 26 + 5 + -3?
25
What is 11 + -1 - (20 - (27 + -6)) - 5?
6
What is the value of (43 - (46 - -27)) + (-6 - -3 - -2)?
-31
Evaluate -71 + 102 - 37 - ((-20 - 1) + 1).
14
Evaluate (-11 - -4) + (-3 - (0 - 5)).
-5
Calculate 3 + -6 + -54 + 48.
-9
Evaluate 4 + (-2 - 10) + -2 + 8.
-2
Evaluate 0 + -4 + -785 + 765.
-24
-2 + (2 - (-8 - (-8 - 2))) + -5
-7
4 + 0 + (-15 - 8) + 4
-15
Evaluate 3 + (15 - 3) + (-11 - (1 + -17)).
20
What is (0 - (-15 - -30)) + 2?
-13
-6 + 6 + 9 + -6 + 9
12
-38 + 42 + 3 - ((-3 - -1) + 2)
7
What is the value of -35 - (13 + -28 + -49)?
29
What is (-11 - -1) + 6 + 5 + -3 + 1?
-1
-6 + (-9 + 6 + 3 - -7) - 17
-16
Evaluate ((1 - -2) + -4 - 0) + -6 + -5.
-12
26 + -1 - (-196 - -214)
7
Calculate (4 + 4 + -6 - (3 + -2)) + 3.
4
8 + 5 + 2 + 4 + -29
-10
What is (-1 - 0) + (-29 - -27)?
-3
What is the value of -7 - (6 - 1 - (35 + -34))?
-11
What is (-8 - 4) + 20 + (-16 - -8)?
0
Calculate (2 - (-9 + (1 - 2)) - -3) + 7.
22
Evaluate -5 + -3 + 23 - (5 + (-1 - -2)).
9
What is the value of 0 - (-5 + 5 + -4) - (-8 + 23)?
-11
Calculate 9 + -14 + -8 + 8.
-5
(-8 - (6 - 4)) + 0 - (8 - 12)
-6
What is 3 - ((9 - -1) + -24 + -6 + 29)?
-6
What is the value of -290 + 278 - (-3 + -24)?
15
What is -14 - -10 - (-4 - -28 - 7)?
-21
What is (-26 + 10 - 11) + -4?
-31
What is the value of -76 - -84 - ((12 - 4) + 2)?
-2
Evaluate -5 - ((16 - 14) + -9 - (-3 + -17)).
-18
Evaluate (-1 + -37 - -44) + (-1 - (1 + -11)).
15
Evaluate -7 + -4 + 2 + 4.
-5
Evaluate 8 - (9 + (0 - 2) - -2).
-1
What is (-29 - -33 - 5) + 1 + 8?
8
What is the value of 15 + -20 - (14 - 10)?
-9
What is -24 - (17 + -5 - 52)?
16
(-11 - -19) + -5 + -2 + (1 - -1)
3
What is -18 + -1 - (-10 + -3)?
-6
Evaluate 19 + (15 - 24) - (7 - -1).
2
Calculate (-14 + 9 - -6 - 8) + -4 + -18.
-29
What is the value of (-11 - (-6 + (10 - -2))) + 9?
-8
-125 + 122 - ((6 - 14) + -1 + 4)
2
Evaluate -34 + (-16 - -32) + 20.
2
-19 + 4 + 3 - (6 + -14 + 3)
-7
Calculate -5 - (-10 + (1 - -3) - (-18 + 14)).
-3
(-9 - -43) + -40 + 35
29
Calculate 10 - ((17 - (-13 + 19)) + 2 + -9).
6
What is (1 - (9 - 10)) + -2 - -7?
7
What is the value of (-25 - -21) + -14 - -24?
6
What is (18 - (6 - 2) - (-17 + 9)) + 0?
22
What is 0 - -6 - (-11 + (-6 - -14) - 1)?
10
Calculate (-636 - -621) + (-1 - -9 - (1 + 0)).
-8
Evaluate 1 - ((7 - ((-9 - -4) + 0)) + -9).
-2
Evaluate (-3 - 17) + 14 + 1 + 3.
-2
What is 84 - 95 - (4 - 10)?
-5
What is -14 - -18 - -29 - 13?
20
-11 - (-26 - ((4 - 4) + -8 + 8))
15
Calculate 8 - (-8 + 1 - ((5 - 10) + 8)).
18
Evaluate -15 - (-13 - (0 + -5)).
-7
(-5 - -2) + (1 - 0) + -2 + -6
-10
What is (12 - -9) + -16 + -11?
-6
-7 - (0 + 12 + -55 + 45)
-9
-8 + 8 + -19 - -17
-2
-13 + (-6 - -27 - -11) - (-2 - -5)
16
-7 - -18 - (41 - 7)
-23
What is the value of 17 + -3 + (-5 - -9 - 0)?
18
What is the value of -8 + 24 - (-7 - (-8 - -14))?
29
What is -14 + -3 - -27 - -2?
12
-866 - -912 - (39 - -1)
6
-2 + (42 + -8 - 19)
13
Evaluate (3 - 1 - 5) + (-25 + 18 - -1).
-9
-18 + -4 + (3 - -17)
-2
What is -4 + (0 + 11 + -14 - (-32 + 2))?
23
Calculate (-38 - -11) + 27 + 8.
8
18 + -12 - 19 - 6
-19
Calculate 7 + (-1 - 13) + (-40 - -29).
-18
What is -2 + (-16 + -1 - (91 + -88))?
-22
Calculate 7 + -1 + -15 + 16 - (30 - 16).
-7
Evaluate 20 - (26 + (-13 - 1) + -18).
26
What is the value of 4 - (-9 + (13 - 2))?
2
What is -15 - (-14 + 22 + -47)?
24
What is 12 + -18 + 6 + 0 - (-30 - 2)?
32
Calculate 0 + -17 + 0 - (35 - (24 - -16)).
-12
Evaluate (1 - 2) + -5 + 18 + -14.
-2
(30 - 35) + (-6 - 0) + -4
-15
Evaluate -19 - (-5 + 10 + -36 + 51).
-39
Evaluate 1 + (-2 - -7) - (8 - 18).
16
Calculate 0 + -2 + -9 - -18.
7
-50 + 10 + (124 - 94)
-10
What is the value of -17 + -7 + (0 - -19)?
-5
Calculate 0 - 2 - (381 - 398).
15
Evaluate 14 + -8 - (-10 + 12 + -10).
14
What is the value of -6 - (2 + (1 - -11 - 12))?
-8
What is 6 + -13 - (-9 - (-21 + 3))?
-16
What is -1 + (-4 - 15 - -6)?
-14
Evaluate 24 + -5 - (68 + -51).
2
Calculate -14 + 7 + 3 - -12.
8
Calculate -22 - (18 + -4 + -25).
-11
Evaluate 25 - (-24 + 57 - 2).
-6
Evaluate 6 + (0 - 11 - -7).
2
(-6 - -22 - 16) + -16
-16
What is the value of -21 + (3 - -24) - -21?
27
What is the value of 7 + (18 - 18) + 0 - 12?
-5
Calculate 2 - (35 + 10 + -22 - -4).
-25
Evaluate -14 + (55 - (53 + -29)).
17
Calculate -6 - 3 - (-7 + -3) - (-1 - 5).
7
What is the value of -28 + 16 - -20 - 11?
-3
What is the value of (-13 - -1) + -1 + (8 + -14 - -10)?
-9
What is 10 + (5 - (-7 + (-1 - -1)))?
22
Calculate 0 + -9 - (245 + -230).
-24
What is (-70 + 18 + 16 - (1 - 3)) + 4?
-30
What is the value of -15 + (5 + 17 + -15 - (7 - 1))?
-14
(44 - (-2 - -27)) + 15
34
11 + -2 + 2 + 0 + -6 + -10
-5
Evaluate 9 + (-12 - -3) + -37 + 26.
-11
What is -9 - (-4 - 36) - 68?
-37
What is the value of -1 - (-8 - -10) - (-3 - (20 + -3))?
17
What is (-23 - 0 - (9 - (11 - 0))) + 6?
-15
What is 1 + -14 - (-50 - (-89 + 45))?
-7
Calculate -8 + (-34 - -36) - 21.
-27
What is 1 + 22 + -17 + 14?
20
Evaluate -8 + 7 + -7 + 25 - 4.
13
What is -6 + (0 - -7) + (78 - 72)?
7
Evaluate 1 + (-2 - (2 + -6 + -4)).
7
What is the value of (4 - -2) + 6 - (76 - 47)?
-17
(-4 - -2) + 9 + (-34 - -29) + -1
1
(10 - 11 - 0) + -10 + 22
11
What is 175 + -164 - (3 + 0)?
8
What is the value of -5 + (-6 - (1 - (-5 + 8) - -4))?
-13
Calculate 10 + (-21 - -27) - (0 - -7).
9
Evaluate 23 + -1 + (88 - 93) + (-3 - 4).
10
6 - ((1 - (-1 + 6)) + 10)
0
What is 4 + -9 + (-9 + 13 - -11)?
10
-4 - (5 + (2 - 8 - 4))
1
Calculate 46 - 15 - (7 - (-6 - -5 - 0)).
23
10 + -31 + 19 + 1
-1
What is 22 + (-6 - 2 - (-12 - -14)) + 0?
12
Calculate -5 + -3 + -7 - (20 - 60).
25
What is -1 + 16 + -27 - 5?
-17
24 + 0 + -42 + (-1 - -7) - -7
-5
What is the value of (-1282 - -1279) + (13 - (2 - 0))?
8
What is the value of (3 - 9) + (9 - 4) + -3?
-4
What is 12 - (10 + -7 + 7 - 4)?
6
Calculate -5 + (-7 - (-2 - 5)) + -6.
-11
Calculate 21 - (15 - -29) - -21.
-2
-5 + ((3 - 1) + -2 - (0 + -9))
4
What is 0 + -6 - (46 + -65) - 6?
7
Calculate 21 + (11 - (16 - 8) - -6) + -9.
21
What is 5 - (-7 + (1 - -2 - 2) - -5)?
6
What is the value of (-8 - -6) + -7 - 4?
-13
What is the value of -45 + 96 + -81 - (-8 + -1)?
-21
What is the value of -4 + -4 - ((7 - 5 - -5) + 9)?
-24
Evaluate -11 + (27 - 14 - 7).
-5
-1 + (1 - -1) + 5 + 8814 + -8807
13
What is the value of -3 - 5 - (23 + (5 - -4 - 15))?
-25
Evaluate -5 + -2 + -7 - -3.
-11
What is the value of -2 + 18 - (202 + -195)?
9
Calculate -13 + (2 - -19) + -15 - -19.
12
-6 + 8 + 7 + (2 - (-7 - -20))
-2
Calculate 0 + 7 - (31 - (-3 - -27)).
0
What is the value of 7 - (-4 + 16) - (-2 - -31) - -9?
-25
Calculate -14 + (-4 - (-5 + -5 + 10 + -10)).
-8
What is (12 - -2) + (-1 - (-9 + 14)) - 1?
7
What is 3 + (32 - 23) + -9?
3
What is the value of -7 + 1 + 5 + -11 + -4 - -3?
-13
What is the value of -7 + 1 - (-53 + 56 + 10 + 0)?
-19
-13 + 1 + 28 + -20
-4
3 - (9 - (17 - 8))
3
What is the value of (-2 + -1 - -6) + 9 + 1 + -18?
-5
What is -9 + (5 - 10) + 30 + 5?
21
What is -565 + 542 + (31 - -1)?
9
What is the value of -20 - -12 - (6 + (0 - 29))?
15
Evaluate 9 + -5 - (-1 - (-3 + -5)).
-3
1 + -22 + (29 - 16) + (-1 - 8)
-17
Evaluate 20 + (-46 - -23 - (-12 + 2)).
7
What is the value of (-3 - -2) + -2 - (-12 + 3)?
6
-1 - 8 - (17 + -16)
-10
Evaluate -9 - (-3 - (7 + -9 - (-8 - 4))).
4
Evaluate (65 - 69) + -5 + 4 + -10.
-15
Evaluate (44 + -24 - 27) + 0 + 2 + -6.
-11
Calculate 4 + -4 + (-3 - 1 - (-29 - -11)).
14
Evaluate 5 + (3 + (0 - -4) + -2 - 11).
-1
What is (-21 - -38) + -22 + (0 - -3) - 12?
-14
What is the value of -20 - 3 - ((-6 + 18 - -2) + -10)?
-27
-4 + 32 + -28 - (25 - (2 - 3))
-26
(-28 - (2 - 21)) + -7
-16
Evaluate (0 - 10) + -3 + 14 + 19.
20
What is 9 + -2 - ((32 - 23) + -17)?
15
-14 - ((12 - 6) + -47)
27
What is (4 - (-4 + 9)) + 11 + -2?
8
Calculate -11 + (10 - 6) + 14 - (10 - -3).
-6
What is -16 + (18 - 7) + (28 - 3)?
20
Evaluate -14 + (-10 - (8 - 43)).
11
What is -2 + 6 + 26 + (4 - 12)?
22
Calculate 383 + -381 + -30 + 3.
-25
Calculate -34 - (39 - 46 - (0 + -8)).
-35
What is -26 + -15 - (0 + -28)?
-13
(-9 - -1) + 7 + -7 + 3 - 2
-7
What is (-7 - 8 - -15) + 4?
4
-81 + 69 - (3 + (-1 + 4 